{"id":7328,"date":"2018-05-28T12:58:31","date_gmt":"2018-05-28T09:58:31","guid":{"rendered":"https:\/\/webdemo.humaokullari.com\/?page_id=7328"},"modified":"2024-01-13T13:56:36","modified_gmt":"2024-01-13T10:56:36","slug":"huma-2","status":"publish","type":"page","link":"https:\/\/humaokullari.com\/index.php\/huma-2\/","title":{"rendered":"H\u00fcma Nedir?"},"content":{"rendered":"\t\t<div data-elementor-type=\"wp-page\" data-elementor-id=\"7328\" class=\"elementor elementor-7328\">\n\t\t\t\t\t\t<section class=\"elementor-section elementor-top-section elementor-element elementor-element-21c1263e elementor-section-boxed elementor-section-height-default elementor-section-height-default\" data-id=\"21c1263e\" data-element_type=\"section\" data-settings=\"{&quot;background_background&quot;:&quot;classic&quot;}\">\n\t\t\t\t\t\t\t<div class=\"elementor-background-overlay\"><\/div>\n\t\t\t\t\t\t\t<div class=\"elementor-container elementor-column-gap-no\">\n\t\t\t\t\t<div class=\"elementor-column elementor-col-100 elementor-top-column elementor-element elementor-element-1c8c0e46\" data-id=\"1c8c0e46\" data-element_type=\"column\">\n\t\t\t<div class=\"elementor-widget-wrap elementor-element-populated\">\n\t\t\t\t\t\t<div class=\"elementor-element elementor-element-7a564f9b elementor-widget elementor-widget-heading\" data-id=\"7a564f9b\" data-element_type=\"widget\" data-widget_type=\"heading.default\">\n\t\t\t\t<div class=\"elementor-widget-container\">\n\t\t\t<style>\/*! elementor - v3.19.0 - 28-02-2024 *\/\n.elementor-heading-title{padding:0;margin:0;line-height:1}.elementor-widget-heading .elementor-heading-title[class*=elementor-size-]>a{color:inherit;font-size:inherit;line-height:inherit}.elementor-widget-heading .elementor-heading-title.elementor-size-small{font-size:15px}.elementor-widget-heading .elementor-heading-title.elementor-size-medium{font-size:19px}.elementor-widget-heading .elementor-heading-title.elementor-size-large{font-size:29px}.elementor-widget-heading .elementor-heading-title.elementor-size-xl{font-size:39px}.elementor-widget-heading .elementor-heading-title.elementor-size-xxl{font-size:59px}<\/style><h1 class=\"elementor-heading-title elementor-size-xxl\">H\u00dcMA NED\u0130R?<\/h1>\t\t<\/div>\n\t\t\t\t<\/div>\n\t\t\t\t\t<\/div>\n\t\t<\/div>\n\t\t\t\t\t<\/div>\n\t\t<\/section>\n\t\t\t\t<section class=\"elementor-section elementor-top-section elementor-element elementor-element-29183475 elementor-section-boxed elementor-section-height-default elementor-section-height-default\" data-id=\"29183475\" data-element_type=\"section\" data-settings=\"{&quot;background_background&quot;:&quot;gradient&quot;}\">\n\t\t\t\t\t\t<div class=\"elementor-container elementor-column-gap-no\">\n\t\t\t\t\t<div class=\"elementor-column elementor-col-100 elementor-top-column elementor-element elementor-element-387efc55\" data-id=\"387efc55\" data-element_type=\"column\">\n\t\t\t<div class=\"elementor-widget-wrap elementor-element-populated\">\n\t\t\t\t\t\t<section class=\"elementor-section elementor-inner-section elementor-element elementor-element-5ab329b elementor-section-boxed elementor-section-height-default elementor-section-height-default\" data-id=\"5ab329b\" data-element_type=\"section\">\n\t\t\t\t\t\t<div class=\"elementor-container elementor-column-gap-wider\">\n\t\t\t\t\t<div class=\"elementor-column elementor-col-100 elementor-inner-column elementor-element elementor-element-919c64a\" data-id=\"919c64a\" data-element_type=\"column\">\n\t\t\t<div class=\"elementor-widget-wrap elementor-element-populated\">\n\t\t\t\t\t\t<div class=\"elementor-element elementor-element-ce83bf2 elementor-widget-divider--view-line elementor-widget elementor-widget-divider\" data-id=\"ce83bf2\" data-element_type=\"widget\" data-widget_type=\"divider.default\">\n\t\t\t\t<div class=\"elementor-widget-container\">\n\t\t\t<style>\/*! elementor - v3.19.0 - 28-02-2024 *\/\n.elementor-widget-divider{--divider-border-style:none;--divider-border-width:1px;--divider-color:#0c0d0e;--divider-icon-size:20px;--divider-element-spacing:10px;--divider-pattern-height:24px;--divider-pattern-size:20px;--divider-pattern-url:none;--divider-pattern-repeat:repeat-x}.elementor-widget-divider .elementor-divider{display:flex}.elementor-widget-divider .elementor-divider__text{font-size:15px;line-height:1;max-width:95%}.elementor-widget-divider .elementor-divider__element{margin:0 var(--divider-element-spacing);flex-shrink:0}.elementor-widget-divider .elementor-icon{font-size:var(--divider-icon-size)}.elementor-widget-divider .elementor-divider-separator{display:flex;margin:0;direction:ltr}.elementor-widget-divider--view-line_icon .elementor-divider-separator,.elementor-widget-divider--view-line_text .elementor-divider-separator{align-items:center}.elementor-widget-divider--view-line_icon .elementor-divider-separator:after,.elementor-widget-divider--view-line_icon .elementor-divider-separator:before,.elementor-widget-divider--view-line_text .elementor-divider-separator:after,.elementor-widget-divider--view-line_text .elementor-divider-separator:before{display:block;content:\"\";border-block-end:0;flex-grow:1;border-block-start:var(--divider-border-width) var(--divider-border-style) var(--divider-color)}.elementor-widget-divider--element-align-left .elementor-divider .elementor-divider-separator>.elementor-divider__svg:first-of-type{flex-grow:0;flex-shrink:100}.elementor-widget-divider--element-align-left .elementor-divider-separator:before{content:none}.elementor-widget-divider--element-align-left .elementor-divider__element{margin-left:0}.elementor-widget-divider--element-align-right .elementor-divider .elementor-divider-separator>.elementor-divider__svg:last-of-type{flex-grow:0;flex-shrink:100}.elementor-widget-divider--element-align-right .elementor-divider-separator:after{content:none}.elementor-widget-divider--element-align-right .elementor-divider__element{margin-right:0}.elementor-widget-divider--element-align-start .elementor-divider .elementor-divider-separator>.elementor-divider__svg:first-of-type{flex-grow:0;flex-shrink:100}.elementor-widget-divider--element-align-start .elementor-divider-separator:before{content:none}.elementor-widget-divider--element-align-start .elementor-divider__element{margin-inline-start:0}.elementor-widget-divider--element-align-end .elementor-divider .elementor-divider-separator>.elementor-divider__svg:last-of-type{flex-grow:0;flex-shrink:100}.elementor-widget-divider--element-align-end .elementor-divider-separator:after{content:none}.elementor-widget-divider--element-align-end .elementor-divider__element{margin-inline-end:0}.elementor-widget-divider:not(.elementor-widget-divider--view-line_text):not(.elementor-widget-divider--view-line_icon) .elementor-divider-separator{border-block-start:var(--divider-border-width) var(--divider-border-style) var(--divider-color)}.elementor-widget-divider--separator-type-pattern{--divider-border-style:none}.elementor-widget-divider--separator-type-pattern.elementor-widget-divider--view-line .elementor-divider-separator,.elementor-widget-divider--separator-type-pattern:not(.elementor-widget-divider--view-line) .elementor-divider-separator:after,.elementor-widget-divider--separator-type-pattern:not(.elementor-widget-divider--view-line) .elementor-divider-separator:before,.elementor-widget-divider--separator-type-pattern:not([class*=elementor-widget-divider--view]) .elementor-divider-separator{width:100%;min-height:var(--divider-pattern-height);-webkit-mask-size:var(--divider-pattern-size) 100%;mask-size:var(--divider-pattern-size) 100%;-webkit-mask-repeat:var(--divider-pattern-repeat);mask-repeat:var(--divider-pattern-repeat);background-color:var(--divider-color);-webkit-mask-image:var(--divider-pattern-url);mask-image:var(--divider-pattern-url)}.elementor-widget-divider--no-spacing{--divider-pattern-size:auto}.elementor-widget-divider--bg-round{--divider-pattern-repeat:round}.rtl .elementor-widget-divider .elementor-divider__text{direction:rtl}.e-con-inner>.elementor-widget-divider,.e-con>.elementor-widget-divider{width:var(--container-widget-width,100%);--flex-grow:var(--container-widget-flex-grow)}<\/style>\t\t<div class=\"elementor-divider\">\n\t\t\t<span class=\"elementor-divider-separator\">\n\t\t\t\t\t\t<\/span>\n\t\t<\/div>\n\t\t\t\t<\/div>\n\t\t\t\t<\/div>\n\t\t\t\t<div class=\"elementor-element elementor-element-7db302f elementor-widget elementor-widget-heading\" data-id=\"7db302f\" data-element_type=\"widget\" data-widget_type=\"heading.default\">\n\t\t\t\t<div class=\"elementor-widget-container\">\n\t\t\t<h2 class=\"elementor-heading-title elementor-size-xl\"><span style=\"font-weight: var( --e-global-typography-primary-font-weight ); text-align: left; background-color: transparent;\">H\u00dcMA NED\u0130R?<\/span><\/h2>\t\t<\/div>\n\t\t\t\t<\/div>\n\t\t\t\t<div class=\"elementor-element elementor-element-99be872 elementor-widget__width-initial elementor-widget-divider--view-line elementor-widget elementor-widget-divider\" data-id=\"99be872\" data-element_type=\"widget\" data-widget_type=\"divider.default\">\n\t\t\t\t<div class=\"elementor-widget-container\">\n\t\t\t\t\t<div class=\"elementor-divider\">\n\t\t\t<span class=\"elementor-divider-separator\">\n\t\t\t\t\t\t<\/span>\n\t\t<\/div>\n\t\t\t\t<\/div>\n\t\t\t\t<\/div>\n\t\t\t\t<div class=\"elementor-element elementor-element-bce6bac elementor-widget__width-initial elementor-widget elementor-widget-text-editor\" data-id=\"bce6bac\" data-element_type=\"widget\" data-widget_type=\"text-editor.default\">\n\t\t\t\t<div class=\"elementor-widget-container\">\n\t\t\t<style>\/*! elementor - v3.19.0 - 28-02-2024 *\/\n.elementor-widget-text-editor.elementor-drop-cap-view-stacked .elementor-drop-cap{background-color:#69727d;color:#fff}.elementor-widget-text-editor.elementor-drop-cap-view-framed .elementor-drop-cap{color:#69727d;border:3px solid;background-color:transparent}.elementor-widget-text-editor:not(.elementor-drop-cap-view-default) .elementor-drop-cap{margin-top:8px}.elementor-widget-text-editor:not(.elementor-drop-cap-view-default) .elementor-drop-cap-letter{width:1em;height:1em}.elementor-widget-text-editor .elementor-drop-cap{float:left;text-align:center;line-height:1;font-size:50px}.elementor-widget-text-editor .elementor-drop-cap-letter{display:inline-block}<\/style>\t\t\t\t<p>&nbsp; &nbsp; H\u00fcma ku\u015fu, \u00e7o\u011fu kez cennet ku\u015fu olarak da adland\u0131r\u0131lan, g\u00f6r\u00fcnmeyecek \u015fekilde \u00e7ok y\u00fckseklerde dinlenmeksizin s\u00fcrekli u\u00e7an, asla yere de\u011fmeyen -baz\u0131 kaynaklarda ayaklar\u0131 olmad\u0131\u011f\u0131 da nakledilir- efsanevi ku\u015f.<\/p>\n<p><\/p>\n<p>Ba\u015f\u0131na kondu\u011fu kimseye mutluluk getirdi\u011fine inan\u0131lmas\u0131 sebebi ile talih ku\u015fu veya devlet ku\u015fu olarak da isimlendirilir.<\/p>\n<p><\/p>\n<p>&nbsp; &nbsp; &nbsp; Osmanl\u0131 tarihinde bilinen \u201cH\u00fcmayun\u201d teriminin, \u201cUmay (Humay)\u201d ad\u0131yla \u0130lgili oldu\u011fu d\u00fc\u015f\u00fcn\u00fcl\u00fcr. Hakimiyetin g\u00f6klerden geldi\u011fine, Tanr\u0131 vergisi oldu\u011funa dair eski mitolojik inanc\u0131n izleri, halk aras\u0131nda \u201cH\u00fcma\u201d yani devlet ku\u015fuyla ilgili dola\u015fan s\u00f6ylentilerde korunmu\u015ftur. \u00c7ok yayg\u0131n olan bir inan\u0131\u015fa g\u00f6re de \u201cDevlet Ku\u015fu\u201d veya \u201c\u015eahl\u0131k Ku\u015fu\u201d denilen \u201cH\u00fcma\u201d ku\u015funun g\u00f6lgesinin bir insan\u0131n ba\u015f\u0131 \u00fczerine d\u00fc\u015fmesi, o insan\u0131n d\u00fcnyada \u00e7ok bahtiyar biri olaca\u011f\u0131n\u0131n, ta\u00e7 giyece\u011finin ve hakimiyete ula\u015faca\u011f\u0131n\u0131n i\u015fareti say\u0131l\u0131rd\u0131. Bu inan\u00e7 Azerbaycan hik\u00e2ye ve efsanelerinde, \u201cDevlet Ku\u015fu\u201dnun u\u00e7urulmas\u0131 ve omzuna oturdu\u011fu insan\u0131n padi\u015fah se\u00e7ilece\u011fi \u015feklinde ya\u015famaktad\u0131r. Onun bahtiyarl\u0131k ve mutluluk sembol\u00fcne d\u00f6n\u00fc\u015fmesi ise benzer bir olayd\u0131r.<\/p>\n<p><\/p>\n<p>&nbsp; &nbsp; H\u00fcma ku\u015fu, Osmanl\u0131, T\u00fcrk, Fars ve Urdu edebiyat\u0131nda s\u0131kl\u0131kla ba\u015fvurulan motiflerden biridir. Bunlar aras\u0131nda H\u00fcma ve H\u00fcmayun mesnevileri ile ku\u015flar aras\u0131ndaki konu\u015fmalara dayal\u0131 alegorik eserler ba\u015f\u0131 \u00e7eker. XII. y\u00fczy\u0131lda yaz\u0131lan Gazali\u2019nin Risalet\u00fc\u2019t-tayr\u2019\u0131nda, Fer\u00eed\u00fcdd\u00een-i Att\u00e2r\u2019\u0131n bu eserden yararlanarak yazd\u0131\u011f\u0131 Mant\u0131k-ut Tayr\u2019da ve Ali \u015e\u00eer Neva\u00ee\u2019nin Attar\u2019\u0131n eserine nazire olarak kaleme ald\u0131\u011f\u0131 Lis\u00e2n\u00fc\u2019t-Tayr\u2019da s\u0131kl\u0131kla ge\u00e7mektedir. Cennette ya\u015famas\u0131, \u00e7ok y\u00fckseklerde u\u00e7up yedi kat g\u00f6\u011f\u00fcn \u00fczerindeki felekler ve bur\u00e7lar aras\u0131nda dola\u015fmas\u0131 ve hatta Tanr\u0131\u2019ya kadar gidip gelen bir ku\u015f olmas\u0131 sebebi ile T\u00fcrk halk edebiyat\u0131nda da H\u00fcma, eri\u015filemeyecek y\u00fcksekliklerin bir sembol\u00fcd\u00fcr. Baz\u0131 ortak \u00f6zellikleri dolay\u0131s\u0131yla da Feniks, Garuda, Simurg ve Kakn\u00fcs gibi di\u011fer efsanev\u00ee ku\u015flarla kar\u0131\u015ft\u0131r\u0131lan H\u00fcma,&nbsp;Divan&nbsp;\u015fiirinde mitolojik ku\u015flar i\u00e7inde \u00f6zellikleri nedeniyle en \u00e7ok s\u00f6z\u00fc edilendir.&nbsp;XVI. y\u00fczy\u0131ldan ba\u015flayarak \u015fiirlerdeki kullan\u0131m s\u0131kl\u0131\u011f\u0131 s\u00fcrekli bir art\u0131\u015f g\u00f6stermektedir.<\/p>\n<p><\/p>\n<p>&nbsp; &nbsp; &nbsp; B\u00e2ki\u2019nin divan\u0131nda ge\u00e7en bir beyit:\u201cZ\u00fclf-i siyah\u0131 s\u00e2ye-i perr-i H\u00fcm\u00e2 imi\u015f \u0130kl\u00eem-i h\u00fcsne anun i\u00e7\u00fcn p\u00e2di\u015f\u00e2 imi\u015f.\u201d Siyah z\u00fclf\u00fc H\u00fcm\u00e2 kanad\u0131n\u0131n g\u00f6lgesiymi\u015f. G\u00fczellik \u00fclkesine onun i\u00e7in padi\u015fahm\u0131\u015f. Burada siyah z\u00fclf\u00fc H\u00fcma\u2019n\u0131n g\u00f6lgesine benzetilen sevgili bu g\u00fczelli\u011fi sebebi ile g\u00fczellik \u00fclkesinin&nbsp;padi\u015fah\u0131 olarak adland\u0131r\u0131lmakta ve H\u00fcm\u00e2\u2019n\u0131n g\u00f6lgesinin \u00fcst\u00fcne d\u00fc\u015ft\u00fc\u011f\u00fc ki\u015finin padi\u015fah olmas\u0131 inanc\u0131na telmih yap\u0131lmaktad\u0131r.<\/p>\n<p><\/p>\n<p>&nbsp; &nbsp; &nbsp; \u00d6zbekistan devlet armas\u0131 ve \u0130ran Hava Yollar\u0131\u2019nda da H\u00fcma ku\u015fu kullan\u0131lmaktad\u0131r.<\/p>\n<p><\/p>\n<p>&nbsp; &nbsp; &nbsp; Ayr\u0131ca Fatih Sultan Mehmet Han\u2019\u0131n annesinin ismi de H\u00fcma Hatun\u2019dur.d<\/p>\t\t\t\t\t\t<\/div>\n\t\t\t\t<\/div>\n\t\t\t\t\t<\/div>\n\t\t<\/div>\n\t\t\t\t\t<\/div>\n\t\t<\/section>\n\t\t\t\t\t<\/div>\n\t\t<\/div>\n\t\t\t\t\t<\/div>\n\t\t<\/section>\n\t\t\t\t<\/div>\n\t\t","protected":false},"excerpt":{"rendered":"<div class=\"tmnf_excerpt\"><p>H\u00dcMA NED\u0130R? H\u00dcMA NED\u0130R? &nbsp; &nbsp; H\u00fcma ku\u015fu, \u00e7o\u011fu kez cennet ku\u015fu olarak da adland\u0131r\u0131lan, g\u00f6r\u00fcnmeyecek \u015fekilde \u00e7ok y\u00fckseklerde dinlenmeksizin s\u00fcrekli u\u00e7an, asla yere de\u011fmeyen -baz\u0131 kaynaklarda ayaklar\u0131 olmad\u0131\u011f\u0131 da nakledilir- efsanevi ku\u015f. Ba\u015f\u0131na kondu\u011fu kimseye mutluluk getirdi\u011fine inan\u0131lmas\u0131 sebebi ile talih ku\u015fu veya devlet ku\u015fu olarak da isimlendirilir. &nbsp; &nbsp; &nbsp; Osmanl\u0131 tarihinde bilinen &hellip;<\/p>\n<\/div>","protected":false},"author":1,"featured_media":0,"parent":0,"menu_order":0,"comment_status":"closed","ping_status":"closed","template":"elementor_header_footer","meta":{"_monsterinsights_skip_tracking":false,"_monsterinsights_sitenote_active":false,"_monsterinsights_sitenote_note":"","_monsterinsights_sitenote_category":0,"footnotes":""},"class_list":["post-7328","page","type-page","status-publish","hentry"],"acf":[],"aioseo_notices":[],"_links":{"self":[{"href":"https:\/\/humaokullari.com\/index.php\/wp-json\/wp\/v2\/pages\/7328","targetHints":{"allow":["GET"]}}],"collection":[{"href":"https:\/\/humaokullari.com\/index.php\/wp-json\/wp\/v2\/pages"}],"about":[{"href":"https:\/\/humaokullari.com\/index.php\/wp-json\/wp\/v2\/types\/page"}],"author":[{"embeddable":true,"href":"https:\/\/humaokullari.com\/index.php\/wp-json\/wp\/v2\/users\/1"}],"replies":[{"embeddable":true,"href":"https:\/\/humaokullari.com\/index.php\/wp-json\/wp\/v2\/comments?post=7328"}],"version-history":[{"count":25,"href":"https:\/\/humaokullari.com\/index.php\/wp-json\/wp\/v2\/pages\/7328\/revisions"}],"predecessor-version":[{"id":8605,"href":"https:\/\/humaokullari.com\/index.php\/wp-json\/wp\/v2\/pages\/7328\/revisions\/8605"}],"wp:attachment":[{"href":"https:\/\/humaokullari.com\/index.php\/wp-json\/wp\/v2\/media?parent=7328"}],"curies":[{"name":"wp","href":"https:\/\/api.w.org\/{rel}","templated":true}]}}