{"id":7337,"date":"2018-05-28T12:58:31","date_gmt":"2018-05-28T09:58:31","guid":{"rendered":"https:\/\/webdemo.humaokullari.com\/?page_id=7337"},"modified":"2026-04-10T13:32:40","modified_gmt":"2026-04-10T10:32:40","slug":"okullarimiz","status":"publish","type":"page","link":"https:\/\/humaokullari.com\/index.php\/okullarimiz\/","title":{"rendered":"Okullar\u0131m\u0131z"},"content":{"rendered":"\t\t<div data-elementor-type=\"wp-page\" data-elementor-id=\"7337\" class=\"elementor elementor-7337\">\n\t\t\t\t\t\t<section class=\"elementor-section elementor-top-section elementor-element elementor-element-21c1263e elementor-section-boxed elementor-section-height-default elementor-section-height-default\" data-id=\"21c1263e\" data-element_type=\"section\" data-settings=\"{&quot;background_background&quot;:&quot;classic&quot;}\">\n\t\t\t\t\t\t\t<div class=\"elementor-background-overlay\"><\/div>\n\t\t\t\t\t\t\t<div class=\"elementor-container elementor-column-gap-no\">\n\t\t\t\t\t<div class=\"elementor-column elementor-col-100 elementor-top-column elementor-element elementor-element-1c8c0e46\" data-id=\"1c8c0e46\" data-element_type=\"column\">\n\t\t\t<div class=\"elementor-widget-wrap elementor-element-populated\">\n\t\t\t\t\t\t<div class=\"elementor-element elementor-element-7a564f9b elementor-widget elementor-widget-heading\" data-id=\"7a564f9b\" data-element_type=\"widget\" data-widget_type=\"heading.default\">\n\t\t\t\t<div class=\"elementor-widget-container\">\n\t\t\t<style>\/*! elementor - v3.19.0 - 28-02-2024 *\/\n.elementor-heading-title{padding:0;margin:0;line-height:1}.elementor-widget-heading .elementor-heading-title[class*=elementor-size-]>a{color:inherit;font-size:inherit;line-height:inherit}.elementor-widget-heading .elementor-heading-title.elementor-size-small{font-size:15px}.elementor-widget-heading .elementor-heading-title.elementor-size-medium{font-size:19px}.elementor-widget-heading .elementor-heading-title.elementor-size-large{font-size:29px}.elementor-widget-heading .elementor-heading-title.elementor-size-xl{font-size:39px}.elementor-widget-heading .elementor-heading-title.elementor-size-xxl{font-size:59px}<\/style><h1 class=\"elementor-heading-title elementor-size-xxl\">OKULLARIMIZ<\/h1>\t\t<\/div>\n\t\t\t\t<\/div>\n\t\t\t\t\t<\/div>\n\t\t<\/div>\n\t\t\t\t\t<\/div>\n\t\t<\/section>\n\t\t\t\t<section class=\"elementor-section elementor-top-section elementor-element elementor-element-e3c6c83 elementor-section-boxed elementor-section-height-default elementor-section-height-default\" data-id=\"e3c6c83\" data-element_type=\"section\" data-settings=\"{&quot;background_background&quot;:&quot;gradient&quot;}\">\n\t\t\t\t\t\t<div class=\"elementor-container elementor-column-gap-wider\">\n\t\t\t\t\t<div class=\"elementor-column elementor-col-100 elementor-top-column elementor-element elementor-element-db74f75\" data-id=\"db74f75\" data-element_type=\"column\">\n\t\t\t<div class=\"elementor-widget-wrap elementor-element-populated\">\n\t\t\t\t\t\t<div class=\"elementor-element elementor-element-e74c014 elementor-widget elementor-widget-heading\" data-id=\"e74c014\" data-element_type=\"widget\" data-widget_type=\"heading.default\">\n\t\t\t\t<div class=\"elementor-widget-container\">\n\t\t\t<h2 class=\"elementor-heading-title elementor-size-xl\">Haz\u0131rl\u0131k S\u0131n\u0131f\u0131 Bulunan (\u0130ngilizce) Anadolu Lisesi<\/h2>\t\t<\/div>\n\t\t\t\t<\/div>\n\t\t\t\t<div class=\"elementor-element elementor-element-57f9e2e elementor-widget-divider--view-line elementor-widget elementor-widget-divider\" data-id=\"57f9e2e\" data-element_type=\"widget\" data-widget_type=\"divider.default\">\n\t\t\t\t<div class=\"elementor-widget-container\">\n\t\t\t<style>\/*! elementor - v3.19.0 - 28-02-2024 *\/\n.elementor-widget-divider{--divider-border-style:none;--divider-border-width:1px;--divider-color:#0c0d0e;--divider-icon-size:20px;--divider-element-spacing:10px;--divider-pattern-height:24px;--divider-pattern-size:20px;--divider-pattern-url:none;--divider-pattern-repeat:repeat-x}.elementor-widget-divider .elementor-divider{display:flex}.elementor-widget-divider .elementor-divider__text{font-size:15px;line-height:1;max-width:95%}.elementor-widget-divider .elementor-divider__element{margin:0 var(--divider-element-spacing);flex-shrink:0}.elementor-widget-divider .elementor-icon{font-size:var(--divider-icon-size)}.elementor-widget-divider .elementor-divider-separator{display:flex;margin:0;direction:ltr}.elementor-widget-divider--view-line_icon .elementor-divider-separator,.elementor-widget-divider--view-line_text .elementor-divider-separator{align-items:center}.elementor-widget-divider--view-line_icon .elementor-divider-separator:after,.elementor-widget-divider--view-line_icon .elementor-divider-separator:before,.elementor-widget-divider--view-line_text .elementor-divider-separator:after,.elementor-widget-divider--view-line_text .elementor-divider-separator:before{display:block;content:\"\";border-block-end:0;flex-grow:1;border-block-start:var(--divider-border-width) var(--divider-border-style) var(--divider-color)}.elementor-widget-divider--element-align-left .elementor-divider .elementor-divider-separator>.elementor-divider__svg:first-of-type{flex-grow:0;flex-shrink:100}.elementor-widget-divider--element-align-left .elementor-divider-separator:before{content:none}.elementor-widget-divider--element-align-left .elementor-divider__element{margin-left:0}.elementor-widget-divider--element-align-right .elementor-divider .elementor-divider-separator>.elementor-divider__svg:last-of-type{flex-grow:0;flex-shrink:100}.elementor-widget-divider--element-align-right .elementor-divider-separator:after{content:none}.elementor-widget-divider--element-align-right .elementor-divider__element{margin-right:0}.elementor-widget-divider--element-align-start .elementor-divider .elementor-divider-separator>.elementor-divider__svg:first-of-type{flex-grow:0;flex-shrink:100}.elementor-widget-divider--element-align-start .elementor-divider-separator:before{content:none}.elementor-widget-divider--element-align-start .elementor-divider__element{margin-inline-start:0}.elementor-widget-divider--element-align-end .elementor-divider .elementor-divider-separator>.elementor-divider__svg:last-of-type{flex-grow:0;flex-shrink:100}.elementor-widget-divider--element-align-end .elementor-divider-separator:after{content:none}.elementor-widget-divider--element-align-end .elementor-divider__element{margin-inline-end:0}.elementor-widget-divider:not(.elementor-widget-divider--view-line_text):not(.elementor-widget-divider--view-line_icon) .elementor-divider-separator{border-block-start:var(--divider-border-width) var(--divider-border-style) var(--divider-color)}.elementor-widget-divider--separator-type-pattern{--divider-border-style:none}.elementor-widget-divider--separator-type-pattern.elementor-widget-divider--view-line .elementor-divider-separator,.elementor-widget-divider--separator-type-pattern:not(.elementor-widget-divider--view-line) .elementor-divider-separator:after,.elementor-widget-divider--separator-type-pattern:not(.elementor-widget-divider--view-line) .elementor-divider-separator:before,.elementor-widget-divider--separator-type-pattern:not([class*=elementor-widget-divider--view]) .elementor-divider-separator{width:100%;min-height:var(--divider-pattern-height);-webkit-mask-size:var(--divider-pattern-size) 100%;mask-size:var(--divider-pattern-size) 100%;-webkit-mask-repeat:var(--divider-pattern-repeat);mask-repeat:var(--divider-pattern-repeat);background-color:var(--divider-color);-webkit-mask-image:var(--divider-pattern-url);mask-image:var(--divider-pattern-url)}.elementor-widget-divider--no-spacing{--divider-pattern-size:auto}.elementor-widget-divider--bg-round{--divider-pattern-repeat:round}.rtl .elementor-widget-divider .elementor-divider__text{direction:rtl}.e-con-inner>.elementor-widget-divider,.e-con>.elementor-widget-divider{width:var(--container-widget-width,100%);--flex-grow:var(--container-widget-flex-grow)}<\/style>\t\t<div class=\"elementor-divider\">\n\t\t\t<span class=\"elementor-divider-separator\">\n\t\t\t\t\t\t<\/span>\n\t\t<\/div>\n\t\t\t\t<\/div>\n\t\t\t\t<\/div>\n\t\t\t\t<div class=\"elementor-element elementor-element-5c8d41d elementor-widget__width-initial elementor-widget elementor-widget-text-editor\" data-id=\"5c8d41d\" data-element_type=\"widget\" data-widget_type=\"text-editor.default\">\n\t\t\t\t<div class=\"elementor-widget-container\">\n\t\t\t<style>\/*! elementor - v3.19.0 - 28-02-2024 *\/\n.elementor-widget-text-editor.elementor-drop-cap-view-stacked .elementor-drop-cap{background-color:#69727d;color:#fff}.elementor-widget-text-editor.elementor-drop-cap-view-framed .elementor-drop-cap{color:#69727d;border:3px solid;background-color:transparent}.elementor-widget-text-editor:not(.elementor-drop-cap-view-default) .elementor-drop-cap{margin-top:8px}.elementor-widget-text-editor:not(.elementor-drop-cap-view-default) .elementor-drop-cap-letter{width:1em;height:1em}.elementor-widget-text-editor .elementor-drop-cap{float:left;text-align:center;line-height:1;font-size:50px}.elementor-widget-text-editor .elementor-drop-cap-letter{display:inline-block}<\/style>\t\t\t\t<p>&nbsp; &nbsp; Lise e\u011fitimi, hayata at\u0131lmadan \u00f6nce elde edilmesi gereken kazan\u0131mlar\u0131n y\u00fcklenildi\u011fi sistematik d\u00f6nemdir. Mesleki kariyer, kendini ke\u015ffetme, sosyal konumlanma, ya\u015famsal literat\u00fcr olu\u015fturma bu d\u00f6nemde somutla\u015fmaya ba\u015flar. Bu s\u00fcre\u00e7te;<\/p>\n<p><\/p>\n<ul>\n<li>\u0130ngilizce haz\u0131rl\u0131k s\u0131n\u0131f\u0131 uygulamas\u0131 yap\u0131l\u0131r. Haz\u0131rl\u0131k okuyacak \u00f6\u011frencilerin dil altyap\u0131lar\u0131n\u0131n olmas\u0131 \u00f6nemlidir. E\u011fitim \u00f6\u011fretim d\u00f6neminin ba\u015flad\u0131\u011f\u0131 eyl\u00fcl ay\u0131n\u0131n sonunda haz\u0131rl\u0131k s\u0131n\u0131f\u0131ndan normal liseye ge\u00e7i\u015f yap\u0131labilir. Kurum iki haftal\u0131k de\u011ferlendirme sonunda \u00f6\u011frencinin haz\u0131rl\u0131k okuyup okumayaca\u011f\u0131na dair bir kanaat bildirebilir. 20 saatten az olmamak \u00fczere \u0130ngilizce dersi, Almanca, Edebiyat ve Matematik dersleri de program dahilindedir.<\/li>\n<li>9. ve 10. s\u0131n\u0131fta bilgi altyap\u0131s\u0131 kazanma, ki\u015fisel geli\u015fim yetileri esasl\u0131 bir program uygulan\u0131r. Sanatsal, sportif, k\u00fclt\u00fcrel i\u00e7erikli bir takvim uygulamas\u0131 yap\u0131l\u0131r.<\/li>\n<li>Sene sonuna kadar belirlenen periyotlarda d\u00fczenli olarak deneme s\u0131nav\u0131 uygulan\u0131r.<\/li>\n<li>11. ve 12. s\u0131n\u0131flar\u0131n programlar\u0131 s\u0131nav a\u011f\u0131rl\u0131kl\u0131 olu\u015fturulur. 11. s\u0131n\u0131flara; 11. s\u0131n\u0131f ve TYT oranl\u0131 olarak program i\u00e7eri\u011fi yap\u0131l\u0131r.<\/li>\n<\/ul>\n<div>&nbsp;<\/div><div><br><\/div>\t\t\t\t\t\t<\/div>\n\t\t\t\t<\/div>\n\t\t\t\t<div class=\"elementor-element elementor-element-5f33bdf elementor-widget elementor-widget-heading\" data-id=\"5f33bdf\" data-element_type=\"widget\" data-widget_type=\"heading.default\">\n\t\t\t\t<div class=\"elementor-widget-container\">\n\t\t\t<h2 class=\"elementor-heading-title elementor-size-xl\">Ortaokul<\/h2>\t\t<\/div>\n\t\t\t\t<\/div>\n\t\t\t\t<div class=\"elementor-element elementor-element-ef47a69 elementor-widget-divider--view-line elementor-widget elementor-widget-divider\" data-id=\"ef47a69\" data-element_type=\"widget\" data-widget_type=\"divider.default\">\n\t\t\t\t<div class=\"elementor-widget-container\">\n\t\t\t\t\t<div class=\"elementor-divider\">\n\t\t\t<span class=\"elementor-divider-separator\">\n\t\t\t\t\t\t<\/span>\n\t\t<\/div>\n\t\t\t\t<\/div>\n\t\t\t\t<\/div>\n\t\t\t\t<div class=\"elementor-element elementor-element-f853c89 elementor-widget__width-initial elementor-widget elementor-widget-text-editor\" data-id=\"f853c89\" data-element_type=\"widget\" data-widget_type=\"text-editor.default\">\n\t\t\t\t<div class=\"elementor-widget-container\">\n\t\t\t\t\t\t\t<p>\u00a0 \u00a0 E\u011fitim sistemimiz; altyap\u0131 kazanma ve \u00f6\u011frenme yetisini geli\u015ftirme \u00fczerine kuruludur.<\/p><p>\u00a0<\/p><ul><li>5. 6. 7. ve 8. s\u0131n\u0131flarda sene sonuna kadar belirlenen periyotlarda d\u00fczenli olarak deneme s\u0131nav\u0131 uygulan\u0131r.<\/li><li>5. s\u0131n\u0131f e\u011fitim sistemi oryantasyonu bili\u015fsel ve davran\u0131\u015fsal a\u011f\u0131rl\u0131kl\u0131 bir i\u00e7erikle olu\u015fturulur.<\/li><li>5. ve 6. s\u0131n\u0131f kazan\u0131mlar\u0131; sosyal beceri, kendini ke\u015ffetme alg\u0131sal derinlik geli\u015ftirme \u00fczerine kurgulan\u0131r.<\/li><li>7. ve 8. s\u0131n\u0131f program\u0131 s\u0131nav a\u011f\u0131rl\u0131kl\u0131 olarak planlan\u0131r. S\u0131nav haz\u0131rl\u0131\u011f\u0131 yap\u0131l\u0131rken \u00f6\u011frenci s\u0131nav\u0131n h\u00fckmedeni ve uzman\u0131 olarak tan\u0131mlan\u0131r. Sistem; anlaml\u0131 \u00f6\u011frenme, deneyim kazanma, g\u00f6zlem ve profesyonel olma yap\u0131lar\u0131 kazand\u0131rmak amac\u0131yla olu\u015fturulur.<\/li><li>S\u0131n\u0131f ayarlamas\u0131nda asans\u00f6r sistemi uygulanmaz. 5. 6. 7. s\u0131n\u0131fta uyum ve motivasyon dengesi g\u00f6zetilerek s\u0131n\u0131flar olu\u015fturulur. 8. s\u0131n\u0131fta akademik seviyeye uygun belirleme yap\u0131l\u0131r. Kas\u0131m ve ocak aylar\u0131nda genel s\u0131n\u0131f de\u011fi\u015fikli\u011fi yap\u0131l\u0131r. S\u0131n\u0131f de\u011fi\u015fikli\u011finde \u00f6\u011fretmen kanaati %40 akademik ba\u015far\u0131 %40 genel davran\u0131\u015fsal uyum %20 temel kriter olarak belirlenir. Farkl\u0131 durumlarda (uyumsuzluk, \u00e7at\u0131\u015fma \u00f6d\u00fcllendirme vb.) ise rehberlik servisi ve derse giren \u00f6\u011fretmenler \u00f6zel bir kurul olu\u015fturarak de\u011fi\u015fiklik yapabilir.<\/li><li>Her d\u00f6nemin sonunda b\u00fct\u00fcn gruplara komite s\u0131navlar\u0131 yap\u0131l\u0131r. Komite s\u0131nav\u0131nda, akademik d\u00fczey, bili\u015fsel de\u011fi\u015fim, davran\u0131\u015fsal durum, kendini ifade edebilme becerisi, duygu durum kontrol yetisi \u00f6l\u00e7mesi yap\u0131l\u0131r. Komite masalar\u0131 \u0130ngilizce, T\u00fcrk\u00e7e-Sosyal, Rehberlik, Matematik ve Fen Bilimleri olarak kurgulan\u0131r.<\/li><\/ul><div>\u00a0<\/div>\t\t\t\t\t\t<\/div>\n\t\t\t\t<\/div>\n\t\t\t\t<div class=\"elementor-element elementor-element-20bb159 elementor-widget elementor-widget-heading\" data-id=\"20bb159\" data-element_type=\"widget\" data-widget_type=\"heading.default\">\n\t\t\t\t<div class=\"elementor-widget-container\">\n\t\t\t<h2 class=\"elementor-heading-title elementor-size-xl\">\u0130lkokul<\/h2>\t\t<\/div>\n\t\t\t\t<\/div>\n\t\t\t\t<div class=\"elementor-element elementor-element-a066e60 elementor-widget-divider--view-line elementor-widget elementor-widget-divider\" data-id=\"a066e60\" data-element_type=\"widget\" data-widget_type=\"divider.default\">\n\t\t\t\t<div class=\"elementor-widget-container\">\n\t\t\t\t\t<div class=\"elementor-divider\">\n\t\t\t<span class=\"elementor-divider-separator\">\n\t\t\t\t\t\t<\/span>\n\t\t<\/div>\n\t\t\t\t<\/div>\n\t\t\t\t<\/div>\n\t\t\t\t<div class=\"elementor-element elementor-element-0d51062 elementor-widget__width-initial elementor-widget elementor-widget-text-editor\" data-id=\"0d51062\" data-element_type=\"widget\" data-widget_type=\"text-editor.default\">\n\t\t\t\t<div class=\"elementor-widget-container\">\n\t\t\t\t\t\t\t<p>&nbsp; &nbsp;<span style=\"background-color: transparent;\">H\u00fcma Okullar\u0131 \u0130lkokulu&#8217;nda \u00f6\u011frencilerimiz, akademik bilginin yan\u0131 s\u0131ra ya\u015fam boyu \u00f6\u011frenme sevgisi ve g\u00fc\u00e7l\u00fc karakter de\u011ferleri kazan\u0131r. MEB m\u00fcfredat\u0131n\u0131 zenginle\u015ftirilmi\u015f i\u00e7eriklerle uygulayarak her \u00e7ocu\u011fun potansiyelini en \u00fcst d\u00fczeyde geli\u015ftirmeyi hedefliyoruz.<\/span><\/p>\n<p><span style=\"background-color: transparent;\">&nbsp;<\/span><\/p>\n<p><span style=\"background-color: transparent;\">T\u00fcrk\u00e7e, matematik, fen bilimleri ve sosyal bilgiler derslerinde \u00f6\u011frencilerimiz bilgiyi ezberlemek yerine anlamaya ve uygulamaya y\u00f6nlendirilir. \u0130ngilizce e\u011fitimi ana s\u0131n\u0131f\u0131ndan itibaren ba\u015flar ve ilkokulda yo\u011funla\u015ft\u0131r\u0131lm\u0131\u015f programla t\u00fcm dil becerileri geli\u015ftirilir. Dijital okuryazarl\u0131k ve temel kodlama dersleriyle \u00f6\u011frencilerimiz gelece\u011fin d\u00fcnyas\u0131na haz\u0131rlan\u0131rken, g\u00f6rsel sanatlar, m\u00fczik, drama ve spor etkinlikleriyle yarat\u0131c\u0131l\u0131klar\u0131 ve fiziksel geli\u015fimleri desteklenir.<\/span><\/p>\n<p><span style=\"background-color: transparent;\">&nbsp;<\/span><\/p>\n<p><span style=\"background-color: transparent;\">Sayg\u0131, sorumluluk, d\u00fcr\u00fcstl\u00fck ve empati gibi evrensel de\u011ferler g\u00fcnl\u00fck e\u011fitim s\u00fcrecimizin ayr\u0131lmaz par\u00e7as\u0131d\u0131r. S\u0131n\u0131f \u00f6\u011fretmenlerimiz ve rehberlik servisimiz her \u00f6\u011frencinin akademik ve sosyal-duygusal geli\u015fimini yak\u0131ndan takip eder. \u0130lkokul y\u0131llar\u0131n\u0131n sonunda \u00f6\u011frencilerimiz; ele\u015ftirel d\u00fc\u015f\u00fcnen, sorgulayan, i\u015f birli\u011fi yapabilen ve \u00f6\u011frenmenin keyfini ke\u015ffetmi\u015f bireyler olarak ortaokula ge\u00e7i\u015f yapar.&nbsp;<\/span><span style=\"background-color: transparent;\">H\u00fcma Okullar\u0131 \u0130lkokulu&#8217;nda \u00f6\u011frencilerimiz, akademik bilginin yan\u0131 s\u0131ra ya\u015fam boyu \u00f6\u011frenme sevgisi ve g\u00fc\u00e7l\u00fc karakter de\u011ferleri kazan\u0131r.&nbsp;<\/span><\/p>\t\t\t\t\t\t<\/div>\n\t\t\t\t<\/div>\n\t\t\t\t<div class=\"elementor-element elementor-element-fece923 elementor-widget elementor-widget-heading\" data-id=\"fece923\" data-element_type=\"widget\" data-widget_type=\"heading.default\">\n\t\t\t\t<div class=\"elementor-widget-container\">\n\t\t\t<h2 class=\"elementor-heading-title elementor-size-xl\">Ana sIn\u0131f\u0131<\/h2>\t\t<\/div>\n\t\t\t\t<\/div>\n\t\t\t\t<div class=\"elementor-element elementor-element-f870367 elementor-widget-divider--view-line elementor-widget elementor-widget-divider\" data-id=\"f870367\" data-element_type=\"widget\" data-widget_type=\"divider.default\">\n\t\t\t\t<div class=\"elementor-widget-container\">\n\t\t\t\t\t<div class=\"elementor-divider\">\n\t\t\t<span class=\"elementor-divider-separator\">\n\t\t\t\t\t\t<\/span>\n\t\t<\/div>\n\t\t\t\t<\/div>\n\t\t\t\t<\/div>\n\t\t\t\t<div class=\"elementor-element elementor-element-9e7f705 elementor-widget__width-initial elementor-widget elementor-widget-text-editor\" data-id=\"9e7f705\" data-element_type=\"widget\" data-widget_type=\"text-editor.default\">\n\t\t\t\t<div class=\"elementor-widget-container\">\n\t\t\t\t\t\t\t<p>\u00a0 \u00a0\u00a0<span style=\"background-color: transparent;\">H\u00fcma Okullar\u0131 Ana S\u0131n\u0131f\u0131&#8217;nda \u00e7ocuklar\u0131m\u0131z, ilkokula ge\u00e7i\u015f s\u00fcrecinde ihtiya\u00e7 duyacaklar\u0131 temel becerileri oyun ve ke\u015fif yoluyla kazan\u0131rlar. Bu d\u00f6nemde akademik haz\u0131rl\u0131k kadar sosyal-duygusal geli\u015fim de \u00f6nceli\u011fimizdir.<\/span><\/p><p><span style=\"background-color: transparent;\">\u00a0<\/span><\/p><p class=\"MsoNormal\">Okuma-yazmaya haz\u0131rl\u0131k \u00e7al\u0131\u015fmalar\u0131m\u0131zda ses fark\u0131ndal\u0131\u011f\u0131, harf tan\u0131ma ve el kaslar\u0131n\u0131 g\u00fc\u00e7lendiren etkinliklerle \u00e7ocuklar\u0131m\u0131z bu yolculu\u011fa g\u00fcvenle ba\u015flar. Matematiksel d\u00fc\u015f\u00fcnme becerileri somut materyallerle desteklenirken, basit deneyler ve do\u011fa g\u00f6zlemleriyle bilimsel merak uyand\u0131r\u0131l\u0131r.\u00a0<span style=\"background-color: transparent;\">Grup \u00e7al\u0131\u015fmalar\u0131 ve payla\u015f\u0131m etkinlikleriyle sosyal becerilerini geli\u015ftiren \u00e7ocuklar\u0131m\u0131z, ayn\u0131 zamanda kendi e\u015fyalar\u0131n\u0131 d\u00fczenleme ve g\u00fcnl\u00fck rutinleri takip etme gibi \u00f6z bak\u0131m al\u0131\u015fkanl\u0131klar\u0131 edinir. An<\/span><span style=\"background-color: transparent;\">a S\u0131n\u0131f\u0131&#8217;ndan mezun olan \u00f6\u011frencilerimiz; merakl\u0131, \u00f6zg\u00fcvenli ve \u00f6\u011frenmeye istekli bireyler olarak ilkokula ad\u0131m atmaya haz\u0131r hale gelir.<\/span><\/p><p class=\"MsoNormal\"><span style=\"background-color: transparent;\">\u00a0<\/span><\/p><p class=\"MsoNormal\"><span style=\"background-color: transparent;\">H\u00fcma Okullar\u0131 Ana S\u0131n\u0131f\u0131&#8217;nda \u00e7ocuklar\u0131m\u0131z, ilkokula ge\u00e7i\u015f s\u00fcrecinde ihtiya\u00e7 duyacaklar\u0131 temel becerileri oyun ve ke\u015fif yoluyla kazan\u0131rlar. Bu d\u00f6nemde akademik haz\u0131rl\u0131k kadar sosyal-duygusal geli\u015fim de \u00f6nceli\u011fimizdir.<\/span><\/p>\t\t\t\t\t\t<\/div>\n\t\t\t\t<\/div>\n\t\t\t\t\t<\/div>\n\t\t<\/div>\n\t\t\t\t\t<\/div>\n\t\t<\/section>\n\t\t\t\t<\/div>\n\t\t","protected":false},"excerpt":{"rendered":"<div class=\"tmnf_excerpt\"><p>OKULLARIMIZ Haz\u0131rl\u0131k S\u0131n\u0131f\u0131 Bulunan (\u0130ngilizce) Anadolu Lisesi &nbsp; &nbsp; Lise e\u011fitimi, hayata at\u0131lmadan \u00f6nce elde edilmesi gereken kazan\u0131mlar\u0131n y\u00fcklenildi\u011fi sistematik d\u00f6nemdir. Mesleki kariyer, kendini ke\u015ffetme, sosyal konumlanma, ya\u015famsal literat\u00fcr olu\u015fturma bu d\u00f6nemde somutla\u015fmaya ba\u015flar. Bu s\u00fcre\u00e7te; \u0130ngilizce haz\u0131rl\u0131k s\u0131n\u0131f\u0131 uygulamas\u0131 yap\u0131l\u0131r. Haz\u0131rl\u0131k okuyacak \u00f6\u011frencilerin dil altyap\u0131lar\u0131n\u0131n olmas\u0131 \u00f6nemlidir. E\u011fitim \u00f6\u011fretim d\u00f6neminin ba\u015flad\u0131\u011f\u0131 eyl\u00fcl ay\u0131n\u0131n sonunda &hellip;<\/p>\n<\/div>","protected":false},"author":1,"featured_media":0,"parent":0,"menu_order":0,"comment_status":"closed","ping_status":"closed","template":"elementor_header_footer","meta":{"_monsterinsights_skip_tracking":false,"_monsterinsights_sitenote_active":false,"_monsterinsights_sitenote_note":"","_monsterinsights_sitenote_category":0,"footnotes":""},"class_list":["post-7337","page","type-page","status-publish","hentry"],"acf":[],"aioseo_notices":[],"_links":{"self":[{"href":"https:\/\/humaokullari.com\/index.php\/wp-json\/wp\/v2\/pages\/7337","targetHints":{"allow":["GET"]}}],"collection":[{"href":"https:\/\/humaokullari.com\/index.php\/wp-json\/wp\/v2\/pages"}],"about":[{"href":"https:\/\/humaokullari.com\/index.php\/wp-json\/wp\/v2\/types\/page"}],"author":[{"embeddable":true,"href":"https:\/\/humaokullari.com\/index.php\/wp-json\/wp\/v2\/users\/1"}],"replies":[{"embeddable":true,"href":"https:\/\/humaokullari.com\/index.php\/wp-json\/wp\/v2\/comments?post=7337"}],"version-history":[{"count":28,"href":"https:\/\/humaokullari.com\/index.php\/wp-json\/wp\/v2\/pages\/7337\/revisions"}],"predecessor-version":[{"id":9847,"href":"https:\/\/humaokullari.com\/index.php\/wp-json\/wp\/v2\/pages\/7337\/revisions\/9847"}],"wp:attachment":[{"href":"https:\/\/humaokullari.com\/index.php\/wp-json\/wp\/v2\/media?parent=7337"}],"curies":[{"name":"wp","href":"https:\/\/api.w.org\/{rel}","templated":true}]}}