{"id":7519,"date":"2018-05-28T12:58:31","date_gmt":"2018-05-28T09:58:31","guid":{"rendered":"https:\/\/webdemo.humaokullari.com\/?page_id=7519"},"modified":"2026-04-10T12:41:01","modified_gmt":"2026-04-10T09:41:01","slug":"kurucumesaji","status":"publish","type":"page","link":"https:\/\/humaokullari.com\/index.php\/kurucumesaji\/","title":{"rendered":"Kurucu Mesaj\u0131"},"content":{"rendered":"\t\t<div data-elementor-type=\"wp-page\" data-elementor-id=\"7519\" class=\"elementor elementor-7519\">\n\t\t\t\t\t\t<section class=\"elementor-section elementor-top-section elementor-element elementor-element-21c1263e elementor-section-boxed elementor-section-height-default elementor-section-height-default\" data-id=\"21c1263e\" data-element_type=\"section\" data-settings=\"{&quot;background_background&quot;:&quot;classic&quot;}\">\n\t\t\t\t\t\t\t<div class=\"elementor-background-overlay\"><\/div>\n\t\t\t\t\t\t\t<div class=\"elementor-container elementor-column-gap-no\">\n\t\t\t\t\t<div class=\"elementor-column elementor-col-100 elementor-top-column elementor-element elementor-element-1c8c0e46\" data-id=\"1c8c0e46\" data-element_type=\"column\">\n\t\t\t<div class=\"elementor-widget-wrap elementor-element-populated\">\n\t\t\t\t\t\t<div class=\"elementor-element elementor-element-7a564f9b elementor-widget elementor-widget-heading\" data-id=\"7a564f9b\" data-element_type=\"widget\" data-widget_type=\"heading.default\">\n\t\t\t\t<div class=\"elementor-widget-container\">\n\t\t\t<style>\/*! elementor - v3.19.0 - 28-02-2024 *\/\n.elementor-heading-title{padding:0;margin:0;line-height:1}.elementor-widget-heading .elementor-heading-title[class*=elementor-size-]>a{color:inherit;font-size:inherit;line-height:inherit}.elementor-widget-heading .elementor-heading-title.elementor-size-small{font-size:15px}.elementor-widget-heading .elementor-heading-title.elementor-size-medium{font-size:19px}.elementor-widget-heading .elementor-heading-title.elementor-size-large{font-size:29px}.elementor-widget-heading .elementor-heading-title.elementor-size-xl{font-size:39px}.elementor-widget-heading .elementor-heading-title.elementor-size-xxl{font-size:59px}<\/style><h1 class=\"elementor-heading-title elementor-size-xxl\">Kurucu mesaj\u0131<\/h1>\t\t<\/div>\n\t\t\t\t<\/div>\n\t\t\t\t\t<\/div>\n\t\t<\/div>\n\t\t\t\t\t<\/div>\n\t\t<\/section>\n\t\t\t\t<section class=\"elementor-section elementor-top-section elementor-element elementor-element-728afbc elementor-section-boxed elementor-section-height-default elementor-section-height-default\" data-id=\"728afbc\" data-element_type=\"section\" data-settings=\"{&quot;background_background&quot;:&quot;gradient&quot;}\">\n\t\t\t\t\t\t<div class=\"elementor-container elementor-column-gap-wider\">\n\t\t\t\t\t<div class=\"elementor-column elementor-col-50 elementor-top-column elementor-element elementor-element-577f4c1\" data-id=\"577f4c1\" data-element_type=\"column\" data-settings=\"{&quot;background_background&quot;:&quot;classic&quot;}\">\n\t\t\t<div class=\"elementor-widget-wrap elementor-element-populated\">\n\t\t\t\t\t\t<div class=\"elementor-element elementor-element-491806d elementor-widget-divider--view-line elementor-widget elementor-widget-divider\" data-id=\"491806d\" data-element_type=\"widget\" data-widget_type=\"divider.default\">\n\t\t\t\t<div class=\"elementor-widget-container\">\n\t\t\t<style>\/*! elementor - v3.19.0 - 28-02-2024 *\/\n.elementor-widget-divider{--divider-border-style:none;--divider-border-width:1px;--divider-color:#0c0d0e;--divider-icon-size:20px;--divider-element-spacing:10px;--divider-pattern-height:24px;--divider-pattern-size:20px;--divider-pattern-url:none;--divider-pattern-repeat:repeat-x}.elementor-widget-divider .elementor-divider{display:flex}.elementor-widget-divider .elementor-divider__text{font-size:15px;line-height:1;max-width:95%}.elementor-widget-divider .elementor-divider__element{margin:0 var(--divider-element-spacing);flex-shrink:0}.elementor-widget-divider .elementor-icon{font-size:var(--divider-icon-size)}.elementor-widget-divider .elementor-divider-separator{display:flex;margin:0;direction:ltr}.elementor-widget-divider--view-line_icon .elementor-divider-separator,.elementor-widget-divider--view-line_text .elementor-divider-separator{align-items:center}.elementor-widget-divider--view-line_icon .elementor-divider-separator:after,.elementor-widget-divider--view-line_icon .elementor-divider-separator:before,.elementor-widget-divider--view-line_text .elementor-divider-separator:after,.elementor-widget-divider--view-line_text .elementor-divider-separator:before{display:block;content:\"\";border-block-end:0;flex-grow:1;border-block-start:var(--divider-border-width) var(--divider-border-style) var(--divider-color)}.elementor-widget-divider--element-align-left .elementor-divider .elementor-divider-separator>.elementor-divider__svg:first-of-type{flex-grow:0;flex-shrink:100}.elementor-widget-divider--element-align-left .elementor-divider-separator:before{content:none}.elementor-widget-divider--element-align-left .elementor-divider__element{margin-left:0}.elementor-widget-divider--element-align-right .elementor-divider .elementor-divider-separator>.elementor-divider__svg:last-of-type{flex-grow:0;flex-shrink:100}.elementor-widget-divider--element-align-right .elementor-divider-separator:after{content:none}.elementor-widget-divider--element-align-right .elementor-divider__element{margin-right:0}.elementor-widget-divider--element-align-start .elementor-divider .elementor-divider-separator>.elementor-divider__svg:first-of-type{flex-grow:0;flex-shrink:100}.elementor-widget-divider--element-align-start .elementor-divider-separator:before{content:none}.elementor-widget-divider--element-align-start .elementor-divider__element{margin-inline-start:0}.elementor-widget-divider--element-align-end .elementor-divider .elementor-divider-separator>.elementor-divider__svg:last-of-type{flex-grow:0;flex-shrink:100}.elementor-widget-divider--element-align-end .elementor-divider-separator:after{content:none}.elementor-widget-divider--element-align-end .elementor-divider__element{margin-inline-end:0}.elementor-widget-divider:not(.elementor-widget-divider--view-line_text):not(.elementor-widget-divider--view-line_icon) .elementor-divider-separator{border-block-start:var(--divider-border-width) var(--divider-border-style) var(--divider-color)}.elementor-widget-divider--separator-type-pattern{--divider-border-style:none}.elementor-widget-divider--separator-type-pattern.elementor-widget-divider--view-line .elementor-divider-separator,.elementor-widget-divider--separator-type-pattern:not(.elementor-widget-divider--view-line) .elementor-divider-separator:after,.elementor-widget-divider--separator-type-pattern:not(.elementor-widget-divider--view-line) .elementor-divider-separator:before,.elementor-widget-divider--separator-type-pattern:not([class*=elementor-widget-divider--view]) .elementor-divider-separator{width:100%;min-height:var(--divider-pattern-height);-webkit-mask-size:var(--divider-pattern-size) 100%;mask-size:var(--divider-pattern-size) 100%;-webkit-mask-repeat:var(--divider-pattern-repeat);mask-repeat:var(--divider-pattern-repeat);background-color:var(--divider-color);-webkit-mask-image:var(--divider-pattern-url);mask-image:var(--divider-pattern-url)}.elementor-widget-divider--no-spacing{--divider-pattern-size:auto}.elementor-widget-divider--bg-round{--divider-pattern-repeat:round}.rtl .elementor-widget-divider .elementor-divider__text{direction:rtl}.e-con-inner>.elementor-widget-divider,.e-con>.elementor-widget-divider{width:var(--container-widget-width,100%);--flex-grow:var(--container-widget-flex-grow)}<\/style>\t\t<div class=\"elementor-divider\">\n\t\t\t<span class=\"elementor-divider-separator\">\n\t\t\t\t\t\t<\/span>\n\t\t<\/div>\n\t\t\t\t<\/div>\n\t\t\t\t<\/div>\n\t\t\t\t<div class=\"elementor-element elementor-element-5fd5768 elementor-widget elementor-widget-heading\" data-id=\"5fd5768\" data-element_type=\"widget\" data-widget_type=\"heading.default\">\n\t\t\t\t<div class=\"elementor-widget-container\">\n\t\t\t<h2 class=\"elementor-heading-title elementor-size-large\">Kurucu-Ba\u015fkan Mehmet Birekul<\/h2>\t\t<\/div>\n\t\t\t\t<\/div>\n\t\t\t\t<div class=\"elementor-element elementor-element-d1ee4f8 elementor-widget-divider--view-line elementor-widget elementor-widget-divider\" data-id=\"d1ee4f8\" data-element_type=\"widget\" data-widget_type=\"divider.default\">\n\t\t\t\t<div class=\"elementor-widget-container\">\n\t\t\t\t\t<div class=\"elementor-divider\">\n\t\t\t<span class=\"elementor-divider-separator\">\n\t\t\t\t\t\t<\/span>\n\t\t<\/div>\n\t\t\t\t<\/div>\n\t\t\t\t<\/div>\n\t\t\t\t<div class=\"elementor-element elementor-element-1df7392 elementor-widget elementor-widget-text-editor\" data-id=\"1df7392\" data-element_type=\"widget\" data-widget_type=\"text-editor.default\">\n\t\t\t\t<div class=\"elementor-widget-container\">\n\t\t\t<style>\/*! elementor - v3.19.0 - 28-02-2024 *\/\n.elementor-widget-text-editor.elementor-drop-cap-view-stacked .elementor-drop-cap{background-color:#69727d;color:#fff}.elementor-widget-text-editor.elementor-drop-cap-view-framed .elementor-drop-cap{color:#69727d;border:3px solid;background-color:transparent}.elementor-widget-text-editor:not(.elementor-drop-cap-view-default) .elementor-drop-cap{margin-top:8px}.elementor-widget-text-editor:not(.elementor-drop-cap-view-default) .elementor-drop-cap-letter{width:1em;height:1em}.elementor-widget-text-editor .elementor-drop-cap{float:left;text-align:center;line-height:1;font-size:50px}.elementor-widget-text-editor .elementor-drop-cap-letter{display:inline-block}<\/style>\t\t\t\t<p><\/p>\n<p>&nbsp; &nbsp;H\u00fcma Okullar\u0131 olarak e\u011fitim sistemimiz; ya\u015fam boyu \u00f6\u011frenmeyi te\u015fvik eden, y\u00f6ntem teknik ve yenilikleri son derece iyi kullanmay\u0131 benimsetmeye dayanmaktad\u0131r. Sadece ya\u015fad\u0131\u011f\u0131 toplumda de\u011fil d\u00fcnyada fark olu\u015fturmay\u0131 hedef edinmi\u015f bireyler yeti\u015ftirme s\u00fcrecinde t\u00fcm e\u011fitim-\u00f6\u011fretim faaliyetlerimiz i\u00e7in \u00f6zel tasarlanm\u0131\u015f, yenilik\u00e7i ve modern fiziki ortamlarda; profesyonel, tutarl\u0131 ve istikrarl\u0131 y\u00f6netim anlay\u0131\u015f\u0131 ve deneyimli e\u011fitim kadrosu ile e\u011fitimde yeni f\u0131rsatlar sunuyoruz.<\/p>\n<p><\/p>\n<p>&nbsp;\u00d6\u011frencilerimizin kendi ya\u015fam felsefelerini fark ederek fark\u0131ndal\u0131k olu\u015fturmalar\u0131n\u0131, kendilerini tan\u0131yan, g\u00fcvenen ve her an \u00f6\u011frenmeyi \u00f6\u011frenen bireyler olmalar\u0131n\u0131 \u00e7ok \u00f6nemsiyoruz.<\/p>\n<p><\/p>\n<p>&nbsp;\u00c7eyrek as\u0131rl\u0131k \u00f6zel \u00f6\u011fretim tecr\u00fcbemizi modern ortamlarla harmanlayarak; uluslararas\u0131 vizyonumuz ve \u00f6zg\u00fcn e\u011fitim anlay\u0131\u015f\u0131m\u0131zla H\u00fcma Ana S\u0131n\u0131f\u0131, \u0130lkokul, Ortaokul ve Lisemizde, \u00fclkemize ve b\u00f6lgemize duydu\u011fumuz hizmet a\u015fk\u0131yla yar\u0131n\u0131n liderlerini yeti\u015ftiriyoruz.<\/p>\n<p><\/p>\n<p>&nbsp; &nbsp; &nbsp; &nbsp;B\u00fct\u00fcn \u00f6\u011frenci ve anne babalar\u0131m\u0131za en derin sevgi ve sayg\u0131lar\u0131mla.<\/p>\t\t\t\t\t\t<\/div>\n\t\t\t\t<\/div>\n\t\t\t\t\t<\/div>\n\t\t<\/div>\n\t\t\t\t<div class=\"elementor-column elementor-col-50 elementor-top-column elementor-element elementor-element-997deca\" data-id=\"997deca\" data-element_type=\"column\">\n\t\t\t<div class=\"elementor-widget-wrap elementor-element-populated\">\n\t\t\t\t\t\t<div class=\"elementor-element elementor-element-f475eae elementor-position-top elementor-widget elementor-widget-image-box\" data-id=\"f475eae\" data-element_type=\"widget\" data-widget_type=\"image-box.default\">\n\t\t\t\t<div class=\"elementor-widget-container\">\n\t\t\t<style>\/*! elementor - v3.19.0 - 28-02-2024 *\/\n.elementor-widget-image-box .elementor-image-box-content{width:100%}@media (min-width:768px){.elementor-widget-image-box.elementor-position-left .elementor-image-box-wrapper,.elementor-widget-image-box.elementor-position-right .elementor-image-box-wrapper{display:flex}.elementor-widget-image-box.elementor-position-right .elementor-image-box-wrapper{text-align:right;flex-direction:row-reverse}.elementor-widget-image-box.elementor-position-left .elementor-image-box-wrapper{text-align:left;flex-direction:row}.elementor-widget-image-box.elementor-position-top .elementor-image-box-img{margin:auto}.elementor-widget-image-box.elementor-vertical-align-top .elementor-image-box-wrapper{align-items:flex-start}.elementor-widget-image-box.elementor-vertical-align-middle .elementor-image-box-wrapper{align-items:center}.elementor-widget-image-box.elementor-vertical-align-bottom .elementor-image-box-wrapper{align-items:flex-end}}@media (max-width:767px){.elementor-widget-image-box .elementor-image-box-img{margin-left:auto!important;margin-right:auto!important;margin-bottom:15px}}.elementor-widget-image-box .elementor-image-box-img{display:inline-block}.elementor-widget-image-box .elementor-image-box-title a{color:inherit}.elementor-widget-image-box .elementor-image-box-wrapper{text-align:center}.elementor-widget-image-box .elementor-image-box-description{margin:0}<\/style><div class=\"elementor-image-box-wrapper\"><figure class=\"elementor-image-box-img\"><img fetchpriority=\"high\" decoding=\"async\" width=\"1600\" height=\"777\" src=\"https:\/\/humaokullari.com\/wp-content\/uploads\/2023\/12\/kurucu.jpg\" class=\"attachment-full size-full wp-image-6319\" alt=\"\" srcset=\"https:\/\/humaokullari.com\/wp-content\/uploads\/2023\/12\/kurucu.jpg 1600w, https:\/\/humaokullari.com\/wp-content\/uploads\/2023\/12\/kurucu-300x146.jpg 300w, https:\/\/humaokullari.com\/wp-content\/uploads\/2023\/12\/kurucu-1024x497.jpg 1024w, https:\/\/humaokullari.com\/wp-content\/uploads\/2023\/12\/kurucu-768x373.jpg 768w, https:\/\/humaokullari.com\/wp-content\/uploads\/2023\/12\/kurucu-1536x746.jpg 1536w\" sizes=\"(max-width: 1600px) 100vw, 1600px\" \/><\/figure><div class=\"elementor-image-box-content\"><h4 class=\"elementor-image-box-title\">MEHMET B\u0130REKUL<\/h4><p class=\"elementor-image-box-description\">1972 Konya do\u011fumlu. E\u011fitim Fak\u00fcltesi \u0130ngilizce \u00d6\u011fretmenli\u011fi, E\u011fitim Y\u00f6netimi Y\u00fcksek Lisans. E\u011fitim Bilimleri Doktora Mezunu.<br>\"Arzu edilen gelece\u011fe de\u011fer katacak \u015fahsiyetler yeti\u015ftirmeyi hedefleyen H\u00fcma Okullar\u0131n\u0131 D\u00fcnya\u2019ya kazand\u0131rm\u0131\u015f olmaktan mutluluk duyuyoruz.\"<\/p><\/div><\/div>\t\t<\/div>\n\t\t\t\t<\/div>\n\t\t\t\t\t<\/div>\n\t\t<\/div>\n\t\t\t\t\t<\/div>\n\t\t<\/section>\n\t\t\t\t<\/div>\n\t\t","protected":false},"excerpt":{"rendered":"<div class=\"tmnf_excerpt\"><p>Kurucu mesaj\u0131 Kurucu-Ba\u015fkan Mehmet Birekul &nbsp; &nbsp;H\u00fcma Okullar\u0131 olarak e\u011fitim sistemimiz; ya\u015fam boyu \u00f6\u011frenmeyi te\u015fvik eden, y\u00f6ntem teknik ve yenilikleri son derece iyi kullanmay\u0131 benimsetmeye dayanmaktad\u0131r. Sadece ya\u015fad\u0131\u011f\u0131 toplumda de\u011fil d\u00fcnyada fark olu\u015fturmay\u0131 hedef edinmi\u015f bireyler yeti\u015ftirme s\u00fcrecinde t\u00fcm e\u011fitim-\u00f6\u011fretim faaliyetlerimiz i\u00e7in \u00f6zel tasarlanm\u0131\u015f, yenilik\u00e7i ve modern fiziki ortamlarda; profesyonel, tutarl\u0131 ve istikrarl\u0131 y\u00f6netim anlay\u0131\u015f\u0131 &hellip;<\/p>\n<\/div>","protected":false},"author":1,"featured_media":0,"parent":0,"menu_order":0,"comment_status":"closed","ping_status":"closed","template":"elementor_header_footer","meta":{"_monsterinsights_skip_tracking":false,"_monsterinsights_sitenote_active":false,"_monsterinsights_sitenote_note":"","_monsterinsights_sitenote_category":0,"footnotes":""},"class_list":["post-7519","page","type-page","status-publish","hentry"],"acf":[],"aioseo_notices":[],"_links":{"self":[{"href":"https:\/\/humaokullari.com\/index.php\/wp-json\/wp\/v2\/pages\/7519","targetHints":{"allow":["GET"]}}],"collection":[{"href":"https:\/\/humaokullari.com\/index.php\/wp-json\/wp\/v2\/pages"}],"about":[{"href":"https:\/\/humaokullari.com\/index.php\/wp-json\/wp\/v2\/types\/page"}],"author":[{"embeddable":true,"href":"https:\/\/humaokullari.com\/index.php\/wp-json\/wp\/v2\/users\/1"}],"replies":[{"embeddable":true,"href":"https:\/\/humaokullari.com\/index.php\/wp-json\/wp\/v2\/comments?post=7519"}],"version-history":[{"count":13,"href":"https:\/\/humaokullari.com\/index.php\/wp-json\/wp\/v2\/pages\/7519\/revisions"}],"predecessor-version":[{"id":9833,"href":"https:\/\/humaokullari.com\/index.php\/wp-json\/wp\/v2\/pages\/7519\/revisions\/9833"}],"wp:attachment":[{"href":"https:\/\/humaokullari.com\/index.php\/wp-json\/wp\/v2\/media?parent=7519"}],"curies":[{"name":"wp","href":"https:\/\/api.w.org\/{rel}","templated":true}]}}